*d + 404 + z. Calculate the highest common factor of d and q.
28
Let v(o) = o**3 - 3*o**2 - 6*o - 6. Let m be v(5). Suppose -3*w = 4*y + 2 - 12, -5*w = -y + m. Calculate the highest common factor of y and 32.
4
Suppose 3*f - 3 + 0 = 0. Suppose 3*m + f = 10. Suppose 2*w + 4*g - 20 = g, m*w - 27 = -3*g. Calculate the highest common divisor of 56 and w.
7
Let d be (-333)/(-6) - 2*(-6)/(-8). Suppose 0 = -5*w + n + 213, 4*n = w - 0*n - d. What is the greatest common divisor of 63 and w?
21
Suppose 788 = 3*o - o - 5*l, 0 = -3*o - 5*l + 1182. Let h = o + -196. What is the greatest common factor of 18 and h?
18
Suppose 4*g - 19 - 1 = 2*f, -5*g + 25 = -3*f. Suppose 16 = g*q - 144. Calculate the greatest common factor of q and 24.
8
Let g = -3 - -1. Let z(u) = -9*u**3 + 3*u**2 + 4*u + 3. Let w be z(g). Let j = 149 - w. Calculate the greatest common divisor of 10 and j.
10
Suppose -26*b + 29*b = 6. Let u be 140/6 + b/(-18)*-6. Calculate the greatest common factor of u and 36.
12
Let p = 10 - 1. Suppose -176 = 5*y - p*y. Let r = -2 + 6. What is the greatest common factor of y and r?
4
Let v(q) = -34*q - 11. Let s be v(-2). Calculate the greatest common divisor of 57 and s.
57
Let n be 2*(4/(-14) + 32/14). Suppose 2*f - 4 = 3*p + 26, -n*f + 60 = 5*p. What is the greatest common divisor of f and 105?
15
Let f(t) = t**2 - 9*t - 4. Let u = 0 + 11. Let h be f(u). Suppose -2*j = -0*j - h. What is the greatest common factor of j and 18?
9
Suppose -o = -3*u + 66, 4*u = 4*o - 0*o + 96. Let a be (15 + 1)/(-4) + u. What is the greatest common divisor of a and 68?
17
Suppose 24*v = 32*v - 528. Calculate the highest common divisor of 297 and v.
33
Let t be 2/(-8) + 7447/44 + -7. What is the highest common factor of t and 6?
6
Suppose m - 5*m = -48. Let p be (-133)/(-35) + (-4)/(-20). Suppose 0*y + m = p*y. What is the greatest common divisor of y and 33?
3
Suppose -2*o = -3*d + 5435, 2*d = -o - 0*o + 3614. What is the highest common divisor of 67 and d?
67
Let h = -35 + 125. Let q = 97 - h. Calculate the greatest common factor of 35 and q.
7
Suppose 161*m = 159*m + 8. Suppose h - 121 = -m*u - 0*h, 4 = 4*h. What is the highest common divisor of u and 80?
10
Suppose 0 = -n + 53 - 8. Let y(u) = u**3 - 6*u**2 + 2*u - 10. Let h be y(6). Let s = 16 + h. Calculate the highest common divisor of s and n.
9
Suppose 2*y - 725 = -5*a, -4*a = -y - 4*y - 547. Suppose 33 = -2*w - b, 7*w + 4*b = 2*w - 90. Let s = -1 - w. Calculate the greatest common factor of a and s.
13
Let z(o) = o**3 + 18*o**2 - o - 18. Let k be z(-18). Let p = 8 - k. Calculate the greatest common factor of 24 and p.
8
Let t be 4*(2 + (-1)/(-2)). Let h be t - (0 + 3 - 2). Let m(c) = -5*c - 10. Let a be m(-11). Calculate the highest common divisor of a and h.
9
Suppose -5*d - 8*n + 6*n + 48 = 0, 4*n = 2*d. Let p = 3 - 1. What is the greatest common divisor of p and d?
2
Let r = 10 - 13. Let b = 5 + r. Suppose 2*d = -3*f - 122 + 442, -b*d = 4*f - 430. What is the greatest common divisor of 22 and f?
22
Let p(g) = 3*g**3 - 5*g**2 + 7*g - 6. Let o be p(7). Suppose -2*h - 277 + o = 0. Calculate the greatest common factor of 25 and h.
25
Suppose -11*g + 210 = -4*g. Suppose -19 - 113 = -11*j. Calculate the highest common factor of g and j.
6
Let p = -16 - 9. Let x be 520/p - (-4)/(-20). Let b be 2/4*x*-10. Calculate the highest common factor of b and 42.
21
Let k = 87 + -48. Suppose 5*l + k = -141. Let s = l + 96. Calculate the greatest common factor of 12 and s.
12
Suppose 44*s - 1320 = 24*s. What is the greatest common divisor of s and 825?
33
Suppose 5*v - 137 = -2*c - 6, -136 = -2*c - 4*v. What is the highest common divisor of c and 104?
26
Suppose -1040 = -5*m - 8*m. What is the greatest common divisor of m and 5?
5
Let p(k) = -26*k**3 + 6*k**2 - 6*k - 7. Let n be p(-2). Calculate the highest common factor of 3 and n.
3
Let u(m) = m**3 + 8*m**2 - m - 8. Let j be u(-8). Suppose 2*c + 0*c - 6 = j. Suppose -45*g = 13*g - 174. Calculate the greatest common factor of g and c.
3
Let x be (7 + -5)/((-2)/(-8)). Let f = 2 + 2. Suppose f = o - 0. Calculate the greatest common factor of x and o.
4
Let k be 267/12 - (-6)/8. Calculate the highest common factor of 161 and k.
23
Suppose 4*j = 3*q + 29, -3*j + 0*q = 5*q - 29. What is the greatest common factor of j and 512?
8
Suppose 6*g = -0*g - 66. Let q = 33 + g. Suppose 6*n - 3*n - 113 = -s, 555 = 5*s + 5*n. Calculate the greatest common factor of q and s.
22
Let l = -3 - -21. Suppose -3*j = 4*x - 24, -3*x + j + l = 2*j. Suppose 130 = x*t - t. Calculate the highest common factor of 39 and t.
13
Let d be ((-75)/6)/(4/(-8)). Suppose 5*j - 5*c - d = 0, 5*j = 2*c - c + 21. What is the highest common divisor of 36 and j?
4
Let c(m) = -19*m**3 + 2*m**2 - m - 2. Let i be c(-1). Calculate the greatest common factor of 150 and i.
10
Suppose 5*n - 245 = -3*b, -4*b + 155 = -4*n - 161. Calculate the greatest common factor of 160 and b.
80
Let q = -52 - -57. Suppose -4*g = 2*p + p - 88, -87 = -q*g + 2*p. Calculate the greatest common divisor of 57 and g.
19
Suppose 3*r - 62*r = -29028. What is the greatest common divisor of r and 12?
12
Let s be (0 + -6 + -1)*(-936)/252. Let z(x) = 2*x**3 - 2*x**2 - 2*x + 3. Let n be z(4). What is the highest common factor of s and n?
13
Suppose 0 = -5*s + 20, 0 = 2*u + 5*s + 6 - 2. Let y be 4/2 - -2 - u. Calculate the greatest common factor of 64 and y.
16
Let c be 6/8 + 2/8. Let z be (c + -7)*-9 - 0. Suppose j - 6*j = a - 90, 3*j - 2*a = 54. Calculate the highest common divisor of j and z.
18
Let a be (-15)/4*(57 - 61). Calculate the greatest common factor of a and 60.
15
Let k be (1 - (-3 - -5))*-7. Suppose 3 = 5*v - k. Let x be ((-11)/v)/(16/(-32)). Calculate the highest common factor of 121 and x.
11
Let k = 2525 + -2461. Suppose -3*a + 5*a - 32 = 0. What is the greatest common factor of k and a?
16
Let n = -41 - -42. Let y(c) = 2*c**3 - c**2 - 2*c + 2. Let o be y(n). Calculate the highest common divisor of o and 3.
1
Let r(f) = 13*f**2 + 3*f - 4. Let z be r(1). Calculate the greatest common factor of z and 78.
6
Let l(u) = -6*u**2 + 33*u - 9. Let g be l(5). Let b(t) = t**2 + 12. Let m be b(0). What is the greatest common divisor of m and g?
6
Suppose w - 2*w + 3 = 0. Suppose -2*c = -w*t - 594, -1228 = -4*c - 2*t - 2*t. Let u be (-6)/33 + c/33. What is the greatest common divisor of u and 27?
9
Let k = -245 + 19. Let u = k - -482. Calculate the highest common divisor of 32 and u.
32
Let v = 30 + 15. Let m = 1 + -2. Let s be m/(2*(-1)/10). What is the greatest common factor of v and s?
5
Let d be (-8)/(-36) + 61/9. Suppose -18*q - 7 = -385. What is the highest common divisor of q and d?
7
Suppose 183*q = 180*q + 3*d + 60, -q - 4*d = -40. What is the highest common divisor of q and 18?
6
Let d(m) = -3*m + 14. Let n be 4*4/16*0. Let h be d(n). What is the highest common factor of 56 and h?
14
Let j(s) = 2*s**2 + 12*s + 3. Let n be j(-7). Let u be n + (-3 - -1)/(-1). Let b = -15 + u. What is the greatest common factor of 8 and b?
4
Suppose -29*q - 3*i + 42 = -27*q, -i = 5*q - 105. What is the greatest common factor of q and 7?
7
Let a = -548 + 868. Calculate the highest common factor of 32 and a.
32
Let d = -1395 - -1399. Suppose 0 = -2*p + 8, 0 = 4*v - 2*p - 2*p - 268. Let o = 115 - v. Calculate the highest common factor of o and d.
4
Suppose 13*z = 2*z - 1705. Let q be (74 - -1)*(-279)/z. What is the highest common divisor of q and 15?
15
Suppose -2*c + 6 = -c + 5*k, -2*k - 52 = -3*c. What is the highest common divisor of 432 and c?
16
Suppose 4*n + 129 = -0*n + 3*f, 0 = -4*f + 12. Let r = 50 + n. Calculate the highest common divisor of 100 and r.
20
Let n = 124 - -218. What is the highest common factor of n and 18?
18
Let m be 108 - (-22 - -2)/(-5). Let l(q) = 4*q + 1. Let d be l(3). Calculate the greatest common divisor of m and d.
13
Suppose -2*z - 13 = -3*q, 5*q - 2*z = -0*z + 23. Let d = 1451 + -1371. What is the greatest common factor of d and q?
5
Let d(q) = -q - 73 + q + q + 72. Let l be d(8). Let i = -10 + 17. Calculate the highest common divisor of l and i.
7
Let u = 2462 + -2426. Let c be 3/(6/146) + -1. What is the highest common divisor of u and c?
36
Suppose 14*n + 104 = 370. Calculate the greatest common factor of n and 95.
19
Suppos